s the remainder when 12401703 is divided by 193776?
39
Calculate the remainder when 2680668 is divided by 2680633.
35
Calculate the remainder when 700533 is divided by 349371.
1791
Calculate the remainder when 73764 is divided by 35641.
2482
Calculate the remainder when 10648482 is divided by 506.
218
What is the remainder when 110347 is divided by 137?
62
Calculate the remainder when 7100220 is divided by 5.
0
What is the remainder when 354115 is divided by 19669?
73
Calculate the remainder when 15657 is divided by 260.
57
What is the remainder when 11175446 is divided by 1650?
1646
Calculate the remainder when 195969 is divided by 603.
597
Calculate the remainder when 579166 is divided by 578621.
545
What is the remainder when 21845909 is divided by 398?
87
Calculate the remainder when 16219 is divided by 73.
13
Calculate the remainder when 32849577 is divided by 1219.
1184
What is the remainder when 156220 is divided by 68?
24
Calculate the remainder when 15389921 is divided by 451.
448
What is the remainder when 5486084 is divided by 36?
8
Calculate the remainder when 3367382 is divided by 29.
18
Calculate the remainder when 214947 is divided by 183.
105
What is the remainder when 603118 is divided by 48?
46
Calculate the remainder when 2594040 is divided by 21.
15
Calculate the remainder when 9621879 is divided by 11806.
11795
Calculate the remainder when 140058476 is divided by 3319.
3314
What is the remainder when 2549631 is divided by 2549621?
10
What is the remainder when 79118 is divided by 24841?
4595
Calculate the remainder when 24049269 is divided by 10.
9
Calculate the remainder when 47674986 is divided by 224882.
2
Calculate the remainder when 9399 is divided by 4563.
273
Calculate the remainder when 37550620 is divided by 21.
16
Calculate the remainder when 283636 is divided by 20256.
52
Calculate the remainder when 1569967 is divided by 4349.
4327
Calculate the remainder when 19142 is divided by 2725.
67
What is the remainder when 665821 is divided by 95087?
212
What is the remainder when 2694602 is divided by 1202?
920
Calculate the remainder when 321366712 is divided by 97.
86
Calculate the remainder when 10336631 is divided by 30.
11
What is the remainder when 38175 is divided by 7436?
995
What is the remainder when 2233262 is divided by 997?
979
Calculate the remainder when 43935 is divided by 1348.
799
What is the remainder when 372865 is divided by 12428?
25
Calculate the remainder when 165806 is divided by 896.
46
Calculate the remainder when 22437506 is divided by 774.
20
What is the remainder when 10669 is divided by 1983?
754
What is the remainder when 27317 is divided by 8970?
407
Calculate the remainder when 25700663 is divided by 25700631.
32
What is the remainder when 1099535 is divided by 18957?
29
What is the remainder when 11619196 is divided by 149?
27
Calculate the remainder when 118376340 is divided by 739852.
20
Calculate the remainder when 14380347 is divided by 267.
261
Calculate the remainder when 4087499 is divided by 4087488.
11
Calculate the remainder when 2528507 is divided by 123.
119
Calculate the remainder when 49141867 is divided by 52.
47
Calculate the remainder when 1509781 is divided by 3553.
3309
What is the remainder when 2939010 is divided by 979664?
18
Calculate the remainder when 268087 is divided by 245.
57
Calculate the remainder when 2965759 is divided by 2965627.
132
Calculate the remainder when 303534 is divided by 39.
36
What is the remainder when 14660513 is divided by 7028?
105
What is the remainder when 47037 is divided by 454?
275
What is the remainder when 256580 is divided by 64138?
28
What is the remainder when 242970 is divided by 24296?
10
What is the remainder when 607671 is divided by 238?
57
Calculate the remainder when 49440995 is divided by 26696.
3
Calculate the remainder when 44511 is divided by 4902.
393
What is the remainder when 428274 is divided by 142174?
1752
What is the remainder when 4138966 is divided by 129334?
278
What is the remainder when 2262724 is divided by 17?
7
What is the remainder when 1287024089 is divided by 110?
109
Calculate the remainder when 4152190 is divided by 11796.
11794
Calculate the remainder when 48732261 is divided by 167.
158
What is the remainder when 222871 is divided by 2322?
2281
What is the remainder when 2949654 is divided by 3372?
2526
Calculate the remainder when 7751364 is divided by 2583788.
0
Calculate the remainder when 4168964 is divided by 277927.
59
What is the remainder when 6352236 is divided by 6352230?
6
What is the remainder when 164333 is divided by 815?
518
Calculate the remainder when 9775 is divided by 407.
7
What is the remainder when 1078614 is divided by 12?
6
What is the remainder when 6701516 is divided by 1299?
1274
What is the remainder when 22627652 is divided by 1106?
1104
What is the remainder when 2364487 is divided by 17133?
133
Calculate the remainder when 58914 is divided by 1628.
306
Calculate the remainder when 1568171 is divided by 1481.
1273
What is the remainder when 43563 is divided by 14331?
570
Calculate the remainder when 1397940 is divided by 139773.
210
What is the remainder when 206696 is divided by 2009?
1778
What is the remainder when 101436 is divided by 1265?
236
Calculate the remainder when 345770 is divided by 3262.
3260
What is the remainder when 204959 is divided by 3589?
386
What is the remainder when 19306254 is divided by 260895?
24
Calculate the remainder when 364920 is divided by 182428.
64
Calculate the remainder when 49355834 is divided by 77.
66
What is the remainder when 87550895 is divided by 42?
5
What is the remainder when 69695 is divided by 1926?
359
What is the remainder when 3934730 is divided by 65?
20
Calculate the remainder when 4572300 is divided by 2700.
1200
What is the remainder when 35413 is divided by 2670?
703
What is the remainder when 10129199 is divided by 1485?
14
Calculate the remainder when 5396161 is divided by 666.
229
Calculate the remainder when 74317 is divided by 74271.
46
What is the remainder when 25189232 is divided by 85970?
22
What is the remainder when 8168313 is divided by 79?
29
Calculate the remainder when 3086097 is divided by 7852.
261
Calculate the remainder when 9691909 is divided by 165.
139
What is the remainder when 670181 is divided by 5195?
26
Calculate the remainder when 2070590 is divided by 295798.
4
Calculate the remainder when 1024837 is divided by 2417.
29
What is the remainder when 6421100 is divided by 321052?
60
What is the remainder when 3592655 is divided by 53?
50
Calculate the remainder when 3085434 is divided by 20989.
51
What is the remainder when 2513703 is divided by 35910?
3
Calculate the remainder when 4186567 is divided by 40.
7
What is the remainder when 18648256 is divided by 40985?
81
Calculate the remainder when 3265750 is divided by 1586.
176
What is the remainder when 9412213 is divided by 178?
107
Calculate the remainder when 6184627 is divided by 65.
7
What is the remainder when 28063771 is divided by 14031883?
5
Calculate the remainder when 68736 is divided by 22788.
372
What is the remainder when 370569 is divided by 119?
3
What is the remainder when 1208050 is divided by 151005?
10
What is the remainder when 285588 is divided by 2000?
1588
What is the remainder when 51680745 is divided by 17226915?
0
What is the remainder when 350562 is divided by 58425?
12
What is the remainder when 98914 is divided by 4075?
1114
Calculate the remainder when 730830 is divided by 146125.
205
Calculate the remainder when 735381 is divided by 33426.
9
Calculate the remainder when 3156992 is divided by 70.
62
What is the remainder when 21377 is divided by 1396?
437
Calculate the remainder when 145472 is divided by 6.
2
What is the remainder when 1012934 is divided by 14467?
244
What is the remainder when 206661 is divided by 10?
1
Calculate the remainder when 172079 is divided by 1124.
107
Calculate the remainder when 1422673 is divided by 1538.
23
Calculate the remainder when 714730 is divided by 39655.
940
What is the remainder when 11025845 is divided by 2279?
43
What is the remainder when 1483713 is divided by 80?
33
Calculate the remainder when 19560840 is divided by 143.
13
What is the remainder w